uppose -o = 5, -o = -q - 2*o + 4. Is 12 a factor of ((-141)/q)/(2/(-6))?
False
Let b = 224 - 162. Is 13 a factor of b?
False
Let w(x) = x**3 - 5*x**2 + 2*x + 1. Let c be w(4). Let b(y) = -9 - 8*y + 2*y**2 + 7*y**2 + y**3 - 1 - 2*y**2. Is 16 a factor of b(c)?
False
Let s = -7 + 22. Does 8 divide s?
False
Let d = 19 + 5. Is 6 a factor of d?
True
Let k = 0 + 3. Suppose -5*l - w = -55, -34 = -k*l - 2*w - 1. Is l a multiple of 11?
True
Suppose 5*p = 5*n, 0 = p - 4. Is 4 a factor of n?
True
Suppose -y + 156 = 3*q, 5*y + 4*q - q - 840 = 0. Is 18 a factor of y?
False
Suppose q + 2*b = -0*q + 46, -2*q - 2*b = -82. Is 7 a factor of q?
False
Let y be 12/(-9)*(-3)/(-2). Is 19 a factor of (-80)/(-2) - (y - -4)?
True
Let y be 0 - (1 + -4) - -43. Suppose -p + y = 3. Let z = -29 + p. Is 5 a factor of z?
False
Let s(f) = -4*f + 1. Let d be s(-1). Suppose q - 17 = -5*m, -2*m = d*q - m - 13. Is q a multiple of 2?
True
Suppose -3*w = w - 296. Does 16 divide w?
False
Let w(i) = i**2 + 25*i + 18. Is w(-25) a multiple of 18?
True
Let l be (-6)/(-4)*16/12. Suppose 8 + l = 2*s. Suppose -5*u + 18 = 4*w - 4*u, w = -5*u - s. Is 3 a factor of w?
False
Suppose 0 = p - 2. Suppose 0 = 5*h - p + 52. Is 6 a factor of (-100)/(-8)*(-8)/h?
False
Let l(o) = 5*o - 10. Is l(5) even?
False
Let l(p) be the first derivative of p**3/3 + p**2/2 + 5*p - 2. Suppose -r = 4*t - 5*t, -2*r = -t + 4. Is l(r) a multiple of 8?
False
Let m be 8 - (-4 - -1)*-1. Suppose 2*f - j - 89 = 0, 0 = -2*f - m*j + 4 + 67. Is f a multiple of 27?
False
Let g(s) be the third derivative of -s**4/24 + 2*s**2. Suppose -2*h + 21 = 5*o, 2*o = -3*h - 0*o + 4. Does 2 divide g(h)?
True
Let u be (-2050)/8 - 2/(-8). Suppose 3*t = 1 - 7. Is u/(-14) + t/7 a multiple of 18?
True
Let r(l) = l**3 + 4*l**2 + l + 4. Let v = 2 + -5. Let n be r(v). Is 13 a factor of (n/(-6))/((-1)/9)?
False
Suppose -5*s - 22 = 8. Does 5 divide 4 - s/(-2) - -9?
True
Let x = 42 - -38. Does 14 divide x?
False
Let t = 6 + 1. Let w(l) = -l - 3*l + t*l**2 + 2 + 2*l. Does 13 divide w(2)?
True
Let n be -2 + (-3 - -3) + 28. Suppose -2 + n = 4*d + 2*v, -d = 5*v - 15. Is 4 a factor of d?
False
Let b be 2 - 4*(-1)/(-2). Suppose 16 + 6 = 4*z + 5*h, 2*z + 2*h - 12 = b. Is 8 a factor of 29/4 + 6/z?
True
Does 13 divide 0 + 100 + 2 + 2?
True
Suppose 30 = 4*p - 34. Let r = -2 - -30. Let f = r - p. Is 12 a factor of f?
True
Is (-429)/(-26)*4/6 a multiple of 11?
True
Let b = -2 + 4. Suppose 5*k + 0*f + b*f = 13, 4*f = 2*k + 14. Suppose -l + 5*y - k = -9, 28 = 2*l - 4*y. Is 11 a factor of l?
False
Let l(i) = -3*i**3 + i**2 + 2*i - 5. Does 12 divide l(-3)?
False
Let y = 20 - 47. Is (-1)/(-3) + (-747)/y a multiple of 14?
True
Suppose -5*i + 17 + 8 = 0. Suppose 14 = 3*w - 2*f, i*f - 1 = -4*w - 13. Suppose y + w*m = 37, -5*y + 117 = -2*y + 4*m. Is 20 a factor of y?
False
Let v = 45 + -21. Is v a multiple of 24?
True
Suppose -5*a + 6*m - 2*m = -105, 105 = 5*a + 4*m. Does 21 divide a?
True
Does 10 divide (32 - 14) + 2*1?
True
Let f(c) = -2*c + 1. Suppose g - 4*g = 24. Is 10 a factor of f(g)?
False
Is (15/20)/((-3)/(-8)) even?
True
Suppose -81 + 765 = 6*v. Is 38 a factor of v?
True
Let n(k) = 3*k + 7. Let y be n(-5). Let d(m) be the third derivative of m**5/60 + m**4/8 - 5*m**3/3 - m**2. Is 15 a factor of d(y)?
True
Let b = -182 - -331. Is b a multiple of 18?
False
Let n be 12/(-48)*8/(-2). Is (13 - 12)*9/n a multiple of 6?
False
Let f be 2 - 3/(9/(-3)). Suppose -f*y - 2*b + 40 = 0, -4*y + 37 = -4*b - 23. Let l = y - 6. Is 3 a factor of l?
False
Let l(a) = -a + 18. Suppose 0 = -8*i + 3*i. Is l(i) a multiple of 7?
False
Let l be (1 + 0)/(7/35). Suppose 5*q - 17 - 58 = -l*o, 2*q - 33 = -3*o. Does 4 divide q?
True
Suppose -5*b = -4*i + 15, -2*b = -1 - 1. Suppose 0 = 3*h - i*f - 65, 2*h + 5*f - 11 = 24. Is 20 a factor of h?
True
Let k(j) = j**2 + 6*j - 4. Let i be k(-7). Let w be -1 - (-31*i + -1). Suppose 5*x - 60 = 3*v + 47, 0 = -4*x - 5*v + w. Is x a multiple of 11?
True
Let u(b) = 2*b + 1. Let i be u(-4). Let o(v) = -4 + v - 3*v + 1. Does 8 divide o(i)?
False
Suppose -19*w + 40 = -14*w. Is w even?
True
Let b(l) = -3*l + 6. Suppose 2*q + 4 + 0 = 0. Let s = q - 4. Does 10 divide b(s)?
False
Let m(t) = t**2 - t + 12. Is 3 a factor of m(0)?
True
Suppose 38*r - 44*r + 174 = 0. Is r a multiple of 2?
False
Let s = -7 + 12. Suppose -3*q + 2*t + s = 0, 2*q + 3*t = -2*q + 35. Suppose -2*a + q + 5 = 0. Does 2 divide a?
False
Let k be (9/6)/((-6)/(-16)). Suppose 3*t - k*q = t + 60, -t = -q - 25. Is 7 a factor of t?
False
Let m(i) = -61*i**3 - 9*i**2 + 9*i - 5. Let q(t) = 31*t**3 + 5*t**2 - 5*t + 3. Let p(l) = -3*m(l) - 5*q(l). Does 14 divide p(1)?
True
Does 7 divide 232/16 + 2/(-4)?
True
Let k be (-9)/(4 + -1) + 7. Suppose -5*q = 3*x - 4*x - 188, -2*q - k*x = -62. Does 17 divide q?
False
Suppose 0*c - 5*c = -360. Is 5 a factor of c?
False
Let v(d) = 5*d**3 + 5*d**2 - d - 1. Let k(c) = 4*c**3 + 6*c**2 - c - 1. Let l(n) = 4*k(n) - 3*v(n). Is l(-9) a multiple of 3?
False
Let k(w) = 10*w - 10. Is k(7) a multiple of 20?
True
Suppose 4*x - 5*x + 24 = 0. Suppose -4*p - x + 8 = 0. Let i = p + 14. Does 9 divide i?
False
Let j be -12 - -2 - (-2)/(-2). Let i = j - -15. Suppose -2*t = -4 - i. Does 3 divide t?
False
Let l be -2 + 2 - (-4 - 0). Suppose -2*p - p + t + 88 = 0, -l*t + 8 = 0. Is 10 a factor of p?
True
Let a = -7 - -3. Let q = 34 + a. Is 15 a factor of q?
True
Suppose -3*d = -d + b + 29, -d - 5*b + 8 = 0. Let a(f) = 12*f. Let x be a(2). Let m = x + d. Does 7 divide m?
True
Let j(c) be the second derivative of -c**5/20 + 5*c**4/6 - c**3/2 - 11*c**2/2 - c. Is 17 a factor of j(9)?
False
Let b be (2/4)/((-2)/(-16)). Is 9 a factor of (-1 + b)*-1 + 30?
True
Let f be (-1)/(-4) - (-120)/32. Does 8 divide 2/f - (-132)/8?
False
Let s be 0 - -22 - 6/(-2). Suppose -s = 5*m - 10*m. Is 2 a factor of m?
False
Let n be (-40)/(-22) + (-4)/(-22). Suppose -3*a = -n*a - 19. Does 19 divide a?
True
Let h(n) = -n + 12. Let v be h(10). Suppose 0 = -v*l - 5*x - 3, -3*l - 3*x = -4*l - 18. Does 8 divide 6/l*(-66)/4?
False
Let o = -3 - -1. Let w = 4 - o. Does 4 divide w?
False
Let u = 152 - 61. Is u a multiple of 7?
True
Let p = 0 + -3. Let b(i) = -i - 1. Let m(o) = -6*o - 2. Let x(y) = p*b(y) + m(y). Is x(-4) a multiple of 9?
False
Let m(h) = 9*h**2 - 1. Let j be m(1). Suppose -j - 5 = -o. Does 6 divide o?
False
Let x(f) = 3*f**2 - 2*f - 3. Let q(s) = 11*s**2 - 2*s - 1. Let t be q(-1). Let r be (-1)/(15/t - 1). Is 19 a factor of x(r)?
False
Let i(w) = w**3 - w**2 + 4*w - 1. Let p be 2/2*(-1 - -4). Is i(p) a multiple of 13?
False
Let u = 12 - -5. Is u a multiple of 4?
False
Let g(u) = 11*u**2 + u. Let s be g(2). Suppose -m = m - s. Is 9 a factor of m?
False
Suppose 6*r + 2*p = r + 15, -4*p = -5*r - 15. Let y be (0 - -1 - r) + -3. Let s = y - -11. Is 3 a factor of s?
False
Let z(m) = -2*m**3 - 6*m**2 - 5*m + 4. Is z(-5) a multiple of 14?
False
Let b(o) = 2*o**2 - 7*o + 3. Let f be b(5). Let j(r) = -r + 2. Let l be j(-6). Let z = f - l. Does 10 divide z?
True
Let a(t) = -12*t + 1. Let x be a(-2). Suppose 2*p = -3*g - p + 24, x = 5*p. Suppose 0 = -g*z - 2*m + 13, 2*z - 4*m + 0 + 2 = 0. Is 2 a factor of z?
False
Let u be (0/(-2)*1)/1. Suppose u*m = 5*m - 10. Suppose 3*h + m = 8. Does 2 divide h?
True
Suppose 2*f - 278 = 4*u, 0 = 3*f + 2*f - u - 650. Does 17 divide f?
False
Let t = -24 - -14. Let f = 24 + t. Is f a multiple of 14?
True
Let c = 46 + 10. Is c a multiple of 7?
True
Let b be (-1)/3 - (-42)/18. Is b - ((-2)/2 + -14) a multiple of 10?
False
Suppose -8*f = -3*f - 60. Let c = 18 - f. Is (4/c)/((-2)/(-57)) a multiple of 7?
False
Let k = -88 - -333. Does 19 divide k?
False
Let b(k) = 4*k. Does 8 divide b(3)?
False
Let z(i) = i**2 - 3*i + 9. Let b be z(7). Let v = b - 26. Let y = v + 16. Does 9 divide y?
True
Let f be 94/(-3) - 4/6. Let k = -20 - f. Is k a multiple of 6?
True
Suppose 0 = x + 2*x + 48. Is x*(-2 - 9/(-6)) a multiple of 3?
False
Let x(b) = 2*b**2 + b + 5. Is x(-5) a multiple of 17?
False
Let l = 4 + -2. Suppose -l*k = -14 - 46. Is k a multiple of 10?
True
Let l = -57 + 165. Does 8 divide l?
False
Is 16 a factor of 10/((-108)/(-352) + 10/(-55))?
True
Let s(c) = 3*c + 2. Let f be s(3). Let d = -8 + f. Is d a multiple of 2?
False
Let f be (-1*1)/((-5)/10). Suppose 50 = f*v - 22. Is 13 a factor of (-